{"id":79,"date":"2023-03-02T19:04:53","date_gmt":"2023-03-02T16:34:53","guid":{"rendered":"https:\/\/acv.pm\/?page_id=79"},"modified":"2023-05-21T23:06:35","modified_gmt":"2023-05-21T21:06:35","slug":"quienes-somos","status":"publish","type":"page","link":"https:\/\/acv.pm\/index.php\/quienes-somos\/","title":{"rendered":"\u00bfQui\u00e9nes somos?"},"content":{"rendered":"\n<h1 class=\"wp-block-heading has-vivid-red-color has-text-color\"><strong>AGRUPACI\u00d3N DE AUTONOMOS<\/strong><\/h1>\n\n\n\n<blockquote class=\"wp-block-quote\">\n<p>Entendemos que la dignidad de las personas se sostiene en un trabajo y una vivienda digna. Por contra, nos encontramos que nuestros gobernantes, a d\u00eda de hoy, no saben solucionar problemas tan sencillos b\u00e1sicos \/esenciales como lo son el empleo y la vivienda.<\/p>\n<\/blockquote>\n\n\n<div class=\"wp-block-image\">\n<figure class=\"alignright size-full is-resized\"><img loading=\"lazy\" decoding=\"async\" src=\"https:\/\/acv.pm\/wp-content\/uploads\/2023\/05\/image-2.png\" alt=\"\" class=\"wp-image-553\" width=\"387\" height=\"412\" srcset=\"https:\/\/acv.pm\/wp-content\/uploads\/2023\/05\/image-2.png 525w, https:\/\/acv.pm\/wp-content\/uploads\/2023\/05\/image-2-282x300.png 282w\" sizes=\"(max-width: 387px) 100vw, 387px\" \/><\/figure><\/div>\n\n\n<blockquote class=\"wp-block-quote\">\n<p>&nbsp; Queremos entender que como estos pol\u00edticos de oficio no saben lo que es pagar el seguro aut\u00f3nomo, el alquiler de un local e incluso salarios a empleados, no tienen ni idea de c\u00f3mo resolverlo.<\/p>\n<\/blockquote>\n\n\n\n<blockquote class=\"wp-block-quote\">\n<p>&nbsp; &nbsp; Por ello, creemos que, para poder tomar soluciones sobre el comercio de barrio, que es el que m\u00e1s empleo genera, somos los comerciantes los que tenemos que resolver esta situaci\u00f3n desde dentro de las instituciones, ya que son las que marcan las normas del juego.<\/p>\n<\/blockquote>\n\n\n\n<blockquote class=\"wp-block-quote\">\n<p> &nbsp; &nbsp;Un ejemplo claro es cuando viene inmigrantes a nuestras poblaciones y por carecer de licencia de trabajo, tiene que buscarse la vida con el conocido TOP MANTA, al ejercer este trabajo ilegal hacen la competencia desleal a los comercios de barrio, eso por no decir otros oficios que se obtienen con los conocidos \u00abAMIGOS DEL BIEN AJENO\u00bb, con lo f\u00e1cil que ser\u00eda darles permiso de trabajo desde el primer d\u00eda.<\/p>\n<\/blockquote>\n\n\n\n<blockquote class=\"wp-block-quote\">\n<p>&nbsp;De igual modo, aquellos que tenemos propiedades, sabemos muy bien el problema de inseguridad que se nos plantea al tener la intenci\u00f3n de alquilar nuestros inmuebles por un posible impago que se pueden prolongar hasta m\u00e1s de un a\u00f1o. Por este motivo, dejamos de alquilar, hay menos oferta, y en consecuencia el precio del alquiler sube sustancialmente.<\/p>\n<\/blockquote>\n\n\n\n<blockquote class=\"wp-block-quote\">\n<p>Asimismo, el \u00abEfecto ocupa\u00bb es un problema mucho m\u00e1s grave, el cual parece que a nuestros gobernantes no les afecta. Por ende, no les interesa y no hacen absolutamente nada. Una vivienda ocupada puede dar lugar a un desahucio de m\u00e1s de 2 a\u00f1os.<\/p>\n<\/blockquote>\n\n\n\n<blockquote class=\"wp-block-quote\">\n<p>Por otro lado, nuestros mayores ya se sacrificaron por nosotros durante muchos a\u00f1os, para que ahora les tomen el pelo con el juego de la zanahoria, ya es hora de poner en su sitio el sacrificio de nuestros mayores, sobre todo aquellos que en su momento fueron aut\u00f3nomos y despu\u00e9s de muchas horas de duro trabajo diario, a d\u00eda de hoy tienen una paga rid\u00edcula y sin perspectivas de crecimiento en el futuro.<\/p>\n<\/blockquote>\n\n\n\n<blockquote class=\"wp-block-quote\">\n<p>Tenemos que blindar la hucha de las pensiones para evitar que el pol\u00edtico de turno meta la mano con la mayor impunidad.<\/p>\n<\/blockquote>\n\n\n\n<blockquote class=\"wp-block-quote\">\n<p>Entendemos que un pol\u00edtico tiene que ser continuamente supervisado, como si de un empleado se tratase, para que as\u00ed responda con su patrimonio o pena de prisi\u00f3n en la toma de decisiones que deriven en perjuicio de la poblaci\u00f3n.<\/p>\n<\/blockquote>\n<p>Impactos: 221<\/p>","protected":false},"excerpt":{"rendered":"<p>AGRUPACI\u00d3N DE AUTONOMOS Entendemos que la dignidad de las personas se sostiene en un trabajo y una vivienda digna. Por contra, nos encontramos que nuestros gobernantes, a d\u00eda de hoy, no saben solucionar problemas tan sencillos b\u00e1sicos \/esenciales como lo son el empleo y la vivienda. &nbsp; Queremos entender que como estos pol\u00edticos de oficio [&hellip;]<\/p>\n","protected":false},"author":1,"featured_media":0,"parent":0,"menu_order":0,"comment_status":"closed","ping_status":"closed","template":"","meta":{"om_disable_all_campaigns":false,"_mi_skip_tracking":false,"_monsterinsights_sitenote_active":false,"_monsterinsights_sitenote_note":"","_monsterinsights_sitenote_category":0,"footnotes":""},"aioseo_notices":[],"yoast_head":"<!-- This site is optimized with the Yoast SEO plugin v20.8 - https:\/\/yoast.com\/wordpress\/plugins\/seo\/ -->\n<title>\u00bfQui\u00e9nes somos? - Alianza por el Comercio y la Vivienda<\/title>\n<meta name=\"robots\" content=\"index, follow, max-snippet:-1, max-image-preview:large, max-video-preview:-1\" \/>\n<link rel=\"canonical\" href=\"https:\/\/acv.pm\/index.php\/quienes-somos\/\" \/>\n<meta property=\"og:locale\" content=\"es_ES\" \/>\n<meta property=\"og:type\" content=\"article\" \/>\n<meta property=\"og:title\" content=\"\u00bfQui\u00e9nes somos? - Alianza por el Comercio y la Vivienda\" \/>\n<meta property=\"og:description\" content=\"AGRUPACI\u00d3N DE AUTONOMOS Entendemos que la dignidad de las personas se sostiene en un trabajo y una vivienda digna. Por contra, nos encontramos que nuestros gobernantes, a d\u00eda de hoy, no saben solucionar problemas tan sencillos b\u00e1sicos \/esenciales como lo son el empleo y la vivienda. &nbsp; Queremos entender que como estos pol\u00edticos de oficio [&hellip;]\" \/>\n<meta property=\"og:url\" content=\"https:\/\/acv.pm\/index.php\/quienes-somos\/\" \/>\n<meta property=\"og:site_name\" content=\"Alianza por el Comercio y la Vivienda\" \/>\n<meta property=\"article:publisher\" content=\"https:\/\/www.facebook.com\/WWW.ACV.PM\" \/>\n<meta property=\"article:modified_time\" content=\"2023-05-21T21:06:35+00:00\" \/>\n<meta property=\"og:image\" content=\"https:\/\/acv.pm\/wp-content\/uploads\/2023\/05\/image-2.png\" \/>\n<meta name=\"twitter:card\" content=\"summary_large_image\" \/>\n<meta name=\"twitter:label1\" content=\"Tiempo de lectura\" \/>\n\t<meta name=\"twitter:data1\" content=\"2 minutos\" \/>\n<script type=\"application\/ld+json\" class=\"yoast-schema-graph\">{\"@context\":\"https:\/\/schema.org\",\"@graph\":[{\"@type\":\"WebPage\",\"@id\":\"https:\/\/acv.pm\/index.php\/quienes-somos\/\",\"url\":\"https:\/\/acv.pm\/index.php\/quienes-somos\/\",\"name\":\"\u00bfQui\u00e9nes somos? - Alianza por el Comercio y la Vivienda\",\"isPartOf\":{\"@id\":\"https:\/\/acv.pm\/#website\"},\"datePublished\":\"2023-03-02T16:34:53+00:00\",\"dateModified\":\"2023-05-21T21:06:35+00:00\",\"breadcrumb\":{\"@id\":\"https:\/\/acv.pm\/index.php\/quienes-somos\/#breadcrumb\"},\"inLanguage\":\"es\",\"potentialAction\":[{\"@type\":\"ReadAction\",\"target\":[\"https:\/\/acv.pm\/index.php\/quienes-somos\/\"]}]},{\"@type\":\"BreadcrumbList\",\"@id\":\"https:\/\/acv.pm\/index.php\/quienes-somos\/#breadcrumb\",\"itemListElement\":[{\"@type\":\"ListItem\",\"position\":1,\"name\":\"Portada\",\"item\":\"https:\/\/acv.pm\/\"},{\"@type\":\"ListItem\",\"position\":2,\"name\":\"\u00bfQui\u00e9nes somos?\"}]},{\"@type\":\"WebSite\",\"@id\":\"https:\/\/acv.pm\/#website\",\"url\":\"https:\/\/acv.pm\/\",\"name\":\"Alianza por el Comercio y la Vivienda\",\"description\":\"\",\"publisher\":{\"@id\":\"https:\/\/acv.pm\/#organization\"},\"potentialAction\":[{\"@type\":\"SearchAction\",\"target\":{\"@type\":\"EntryPoint\",\"urlTemplate\":\"https:\/\/acv.pm\/?s={search_term_string}\"},\"query-input\":\"required name=search_term_string\"}],\"inLanguage\":\"es\"},{\"@type\":\"Organization\",\"@id\":\"https:\/\/acv.pm\/#organization\",\"name\":\"Alianza por el Comercio y la Vivienda\",\"url\":\"https:\/\/acv.pm\/\",\"logo\":{\"@type\":\"ImageObject\",\"inLanguage\":\"es\",\"@id\":\"https:\/\/acv.pm\/#\/schema\/logo\/image\/\",\"url\":\"http:\/\/acv.pm\/wp-content\/uploads\/2023\/05\/logogif.gif\",\"contentUrl\":\"http:\/\/acv.pm\/wp-content\/uploads\/2023\/05\/logogif.gif\",\"width\":377,\"height\":352,\"caption\":\"Alianza por el Comercio y la Vivienda\"},\"image\":{\"@id\":\"https:\/\/acv.pm\/#\/schema\/logo\/image\/\"},\"sameAs\":[\"https:\/\/www.facebook.com\/WWW.ACV.PM\",\"https:\/\/www.youtube.com\/@AlianzaPorElComercioyVivienda\"]}]}<\/script>\n<!-- \/ Yoast SEO plugin. -->","yoast_head_json":{"title":"\u00bfQui\u00e9nes somos? - Alianza por el Comercio y la Vivienda","robots":{"index":"index","follow":"follow","max-snippet":"max-snippet:-1","max-image-preview":"max-image-preview:large","max-video-preview":"max-video-preview:-1"},"canonical":"https:\/\/acv.pm\/index.php\/quienes-somos\/","og_locale":"es_ES","og_type":"article","og_title":"\u00bfQui\u00e9nes somos? - Alianza por el Comercio y la Vivienda","og_description":"AGRUPACI\u00d3N DE AUTONOMOS Entendemos que la dignidad de las personas se sostiene en un trabajo y una vivienda digna. Por contra, nos encontramos que nuestros gobernantes, a d\u00eda de hoy, no saben solucionar problemas tan sencillos b\u00e1sicos \/esenciales como lo son el empleo y la vivienda. &nbsp; Queremos entender que como estos pol\u00edticos de oficio [&hellip;]","og_url":"https:\/\/acv.pm\/index.php\/quienes-somos\/","og_site_name":"Alianza por el Comercio y la Vivienda","article_publisher":"https:\/\/www.facebook.com\/WWW.ACV.PM","article_modified_time":"2023-05-21T21:06:35+00:00","og_image":[{"url":"https:\/\/acv.pm\/wp-content\/uploads\/2023\/05\/image-2.png"}],"twitter_card":"summary_large_image","twitter_misc":{"Tiempo de lectura":"2 minutos"},"schema":{"@context":"https:\/\/schema.org","@graph":[{"@type":"WebPage","@id":"https:\/\/acv.pm\/index.php\/quienes-somos\/","url":"https:\/\/acv.pm\/index.php\/quienes-somos\/","name":"\u00bfQui\u00e9nes somos? - Alianza por el Comercio y la Vivienda","isPartOf":{"@id":"https:\/\/acv.pm\/#website"},"datePublished":"2023-03-02T16:34:53+00:00","dateModified":"2023-05-21T21:06:35+00:00","breadcrumb":{"@id":"https:\/\/acv.pm\/index.php\/quienes-somos\/#breadcrumb"},"inLanguage":"es","potentialAction":[{"@type":"ReadAction","target":["https:\/\/acv.pm\/index.php\/quienes-somos\/"]}]},{"@type":"BreadcrumbList","@id":"https:\/\/acv.pm\/index.php\/quienes-somos\/#breadcrumb","itemListElement":[{"@type":"ListItem","position":1,"name":"Portada","item":"https:\/\/acv.pm\/"},{"@type":"ListItem","position":2,"name":"\u00bfQui\u00e9nes somos?"}]},{"@type":"WebSite","@id":"https:\/\/acv.pm\/#website","url":"https:\/\/acv.pm\/","name":"Alianza por el Comercio y la Vivienda","description":"","publisher":{"@id":"https:\/\/acv.pm\/#organization"},"potentialAction":[{"@type":"SearchAction","target":{"@type":"EntryPoint","urlTemplate":"https:\/\/acv.pm\/?s={search_term_string}"},"query-input":"required name=search_term_string"}],"inLanguage":"es"},{"@type":"Organization","@id":"https:\/\/acv.pm\/#organization","name":"Alianza por el Comercio y la Vivienda","url":"https:\/\/acv.pm\/","logo":{"@type":"ImageObject","inLanguage":"es","@id":"https:\/\/acv.pm\/#\/schema\/logo\/image\/","url":"http:\/\/acv.pm\/wp-content\/uploads\/2023\/05\/logogif.gif","contentUrl":"http:\/\/acv.pm\/wp-content\/uploads\/2023\/05\/logogif.gif","width":377,"height":352,"caption":"Alianza por el Comercio y la Vivienda"},"image":{"@id":"https:\/\/acv.pm\/#\/schema\/logo\/image\/"},"sameAs":["https:\/\/www.facebook.com\/WWW.ACV.PM","https:\/\/www.youtube.com\/@AlianzaPorElComercioyVivienda"]}]}},"_links":{"self":[{"href":"https:\/\/acv.pm\/index.php\/wp-json\/wp\/v2\/pages\/79"}],"collection":[{"href":"https:\/\/acv.pm\/index.php\/wp-json\/wp\/v2\/pages"}],"about":[{"href":"https:\/\/acv.pm\/index.php\/wp-json\/wp\/v2\/types\/page"}],"author":[{"embeddable":true,"href":"https:\/\/acv.pm\/index.php\/wp-json\/wp\/v2\/users\/1"}],"replies":[{"embeddable":true,"href":"https:\/\/acv.pm\/index.php\/wp-json\/wp\/v2\/comments?post=79"}],"version-history":[{"count":6,"href":"https:\/\/acv.pm\/index.php\/wp-json\/wp\/v2\/pages\/79\/revisions"}],"predecessor-version":[{"id":566,"href":"https:\/\/acv.pm\/index.php\/wp-json\/wp\/v2\/pages\/79\/revisions\/566"}],"wp:attachment":[{"href":"https:\/\/acv.pm\/index.php\/wp-json\/wp\/v2\/media?parent=79"}],"curies":[{"name":"wp","href":"https:\/\/api.w.org\/{rel}","templated":true}]}}

¿Quiénes somos?

<h1 class="wp-block-heading has-vivid-red-color has-text-color"><strong>AGRUPACIÓN DE AUTONOMOS</strong></h1>



<blockquote class="wp-block-quote">
<p>Entendemos que la dignidad de las personas se sostiene en un trabajo y una vivienda digna. Por contra, nos encontramos que nuestros gobernantes, a día de hoy, no saben solucionar problemas tan sencillos básicos /esenciales como lo son el empleo y la vivienda.</p>
</blockquote>


<div class="wp-block-image">
<figure class="alignright size-full is-resized"><img loading="lazy" decoding="async" src="https://acv.pm/wp-content/uploads/2023/05/image-2.png" alt="" class="wp-image-553" width="387" height="412" srcset="https://acv.pm/wp-content/uploads/2023/05/image-2.png 525w, https://acv.pm/wp-content/uploads/2023/05/image-2-282x300.png 282w" sizes="(max-width: 387px) 100vw, 387px" /></figure></div>


<blockquote class="wp-block-quote">
<p>&nbsp; Queremos entender que como estos políticos de oficio no saben lo que es pagar el seguro autónomo, el alquiler de un local e incluso salarios a empleados, no tienen ni idea de cómo resolverlo.</p>
</blockquote>



<blockquote class="wp-block-quote">
<p>&nbsp; &nbsp; Por ello, creemos que, para poder tomar soluciones sobre el comercio de barrio, que es el que más empleo genera, somos los comerciantes los que tenemos que resolver esta situación desde dentro de las instituciones, ya que son las que marcan las normas del juego.</p>
</blockquote>



<blockquote class="wp-block-quote">
<p> &nbsp; &nbsp;Un ejemplo claro es cuando viene inmigrantes a nuestras poblaciones y por carecer de licencia de trabajo, tiene que buscarse la vida con el conocido TOP MANTA, al ejercer este trabajo ilegal hacen la competencia desleal a los comercios de barrio, eso por no decir otros oficios que se obtienen con los conocidos «AMIGOS DEL BIEN AJENO», con lo fácil que sería darles permiso de trabajo desde el primer día.</p>
</blockquote>



<blockquote class="wp-block-quote">
<p>&nbsp;De igual modo, aquellos que tenemos propiedades, sabemos muy bien el problema de inseguridad que se nos plantea al tener la intención de alquilar nuestros inmuebles por un posible impago que se pueden prolongar hasta más de un año. Por este motivo, dejamos de alquilar, hay menos oferta, y en consecuencia el precio del alquiler sube sustancialmente.</p>
</blockquote>



<blockquote class="wp-block-quote">
<p>Asimismo, el «Efecto ocupa» es un problema mucho más grave, el cual parece que a nuestros gobernantes no les afecta. Por ende, no les interesa y no hacen absolutamente nada. Una vivienda ocupada puede dar lugar a un desahucio de más de 2 años.</p>
</blockquote>



<blockquote class="wp-block-quote">
<p>Por otro lado, nuestros mayores ya se sacrificaron por nosotros durante muchos años, para que ahora les tomen el pelo con el juego de la zanahoria, ya es hora de poner en su sitio el sacrificio de nuestros mayores, sobre todo aquellos que en su momento fueron autónomos y después de muchas horas de duro trabajo diario, a día de hoy tienen una paga ridícula y sin perspectivas de crecimiento en el futuro.</p>
</blockquote>



<blockquote class="wp-block-quote">
<p>Tenemos que blindar la hucha de las pensiones para evitar que el político de turno meta la mano con la mayor impunidad.</p>
</blockquote>



<blockquote class="wp-block-quote">
<p>Entendemos que un político tiene que ser continuamente supervisado, como si de un empleado se tratase, para que así responda con su patrimonio o pena de prisión en la toma de decisiones que deriven en perjuicio de la población.</p>
</blockquote>
<p>Impactos: 221</p>

<p>AGRUPACIÓN DE AUTONOMOS Entendemos que la dignidad de las personas se sostiene en un trabajo y una vivienda digna. Por contra, nos encontramos que nuestros gobernantes, a día de hoy, no saben solucionar problemas tan sencillos básicos /esenciales como lo son el empleo y la vivienda. &nbsp; Queremos entender que como estos políticos de oficio [&hellip;]</p>

<!-- This site is optimized with the Yoast SEO plugin v20.8 - https://yoast.com/wordpress/plugins/seo/ -->
<title>¿Quiénes somos? - Alianza por el Comercio y la Vivienda</title>
<meta name="robots" content="index, follow, max-snippet:-1, max-image-preview:large, max-video-preview:-1" />
<link rel="canonical" href="https://acv.pm/index.php/quienes-somos/" />
<meta property="og:locale" content="es_ES" />
<meta property="og:type" content="article" />
<meta property="og:title" content="¿Quiénes somos? - Alianza por el Comercio y la Vivienda" />
<meta property="og:description" content="AGRUPACIÓN DE AUTONOMOS Entendemos que la dignidad de las personas se sostiene en un trabajo y una vivienda digna. Por contra, nos encontramos que nuestros gobernantes, a día de hoy, no saben solucionar problemas tan sencillos básicos /esenciales como lo son el empleo y la vivienda. &nbsp; Queremos entender que como estos políticos de oficio [&hellip;]" />
<meta property="og:url" content="https://acv.pm/index.php/quienes-somos/" />
<meta property="og:site_name" content="Alianza por el Comercio y la Vivienda" />
<meta property="article:publisher" content="https://www.facebook.com/WWW.ACV.PM" />
<meta property="article:modified_time" content="2023-05-21T21:06:35+00:00" />
<meta property="og:image" content="https://acv.pm/wp-content/uploads/2023/05/image-2.png" />
<meta name="twitter:card" content="summary_large_image" />
<meta name="twitter:label1" content="Tiempo de lectura" />
	<meta name="twitter:data1" content="2 minutos" />
<script type="application/ld+json" class="yoast-schema-graph">{"@context":"https://schema.org","@graph":[{"@type":"WebPage","@id":"https://acv.pm/index.php/quienes-somos/","url":"https://acv.pm/index.php/quienes-somos/","name":"¿Quiénes somos? - Alianza por el Comercio y la Vivienda","isPartOf":{"@id":"https://acv.pm/#website"},"datePublished":"2023-03-02T16:34:53+00:00","dateModified":"2023-05-21T21:06:35+00:00","breadcrumb":{"@id":"https://acv.pm/index.php/quienes-somos/#breadcrumb"},"inLanguage":"es","potentialAction":[{"@type":"ReadAction","target":["https://acv.pm/index.php/quienes-somos/"]}]},{"@type":"BreadcrumbList","@id":"https://acv.pm/index.php/quienes-somos/#breadcrumb","itemListElement":[{"@type":"ListItem","position":1,"name":"Portada","item":"https://acv.pm/"},{"@type":"ListItem","position":2,"name":"¿Quiénes somos?"}]},{"@type":"WebSite","@id":"https://acv.pm/#website","url":"https://acv.pm/","name":"Alianza por el Comercio y la Vivienda","description":"","publisher":{"@id":"https://acv.pm/#organization"},"potentialAction":[{"@type":"SearchAction","target":{"@type":"EntryPoint","urlTemplate":"https://acv.pm/?s={search_term_string}"},"query-input":"required name=search_term_string"}],"inLanguage":"es"},{"@type":"Organization","@id":"https://acv.pm/#organization","name":"Alianza por el Comercio y la Vivienda","url":"https://acv.pm/","logo":{"@type":"ImageObject","inLanguage":"es","@id":"https://acv.pm/#/schema/logo/image/","url":"http://acv.pm/wp-content/uploads/2023/05/logogif.gif","contentUrl":"http://acv.pm/wp-content/uploads/2023/05/logogif.gif","width":377,"height":352,"caption":"Alianza por el Comercio y la Vivienda"},"image":{"@id":"https://acv.pm/#/schema/logo/image/"},"sameAs":["https://www.facebook.com/WWW.ACV.PM","https://www.youtube.com/@AlianzaPorElComercioyVivienda"]}]}</script>
<!-- / Yoast SEO plugin. -->

¿Quiénes somos? - Alianza por el Comercio y la Vivienda

AGRUPACIÓN DE AUTONOMOS Entendemos que la dignidad de las personas se sostiene en un trabajo y una vivienda digna. Por contra, nos encontramos que nuestros gobernantes, a día de hoy, no saben solucionar problemas tan sencillos básicos /esenciales como lo son el empleo y la vivienda. &nbsp; Queremos entender que como estos políticos de oficio [&hellip;]
