{"id":261,"date":"2023-03-25T20:07:00","date_gmt":"2023-03-25T17:37:00","guid":{"rendered":"https:\/\/acv.pm\/?page_id=261"},"modified":"2023-03-26T21:26:03","modified_gmt":"2023-03-26T18:56:03","slug":"cortes-valencianas","status":"publish","type":"page","link":"https:\/\/acv.pm\/index.php\/cortes-valencianas\/","title":{"rendered":"CORTES VALENCIANAS"},"content":{"rendered":"\n<div class=\"wp-block-columns is-layout-flex wp-container-core-columns-layout-1 wp-block-columns-is-layout-flex\">\n<div class=\"wp-block-column is-layout-flow wp-block-column-is-layout-flow\" style=\"flex-basis:33.33%\">\n<figure class=\"wp-block-image size-full\"><img loading=\"lazy\" decoding=\"async\" width=\"890\" height=\"876\" src=\"http:\/\/acv.pm\/wp-content\/uploads\/2023\/03\/patricia.png\" alt=\"\" class=\"wp-image-216\" srcset=\"https:\/\/acv.pm\/wp-content\/uploads\/2023\/03\/patricia.png 890w, https:\/\/acv.pm\/wp-content\/uploads\/2023\/03\/patricia-300x295.png 300w, https:\/\/acv.pm\/wp-content\/uploads\/2023\/03\/patricia-768x756.png 768w\" sizes=\"(max-width: 890px) 100vw, 890px\" \/><\/figure>\n<\/div>\n\n\n\n<div class=\"wp-block-column is-layout-flow wp-block-column-is-layout-flow\" style=\"flex-basis:66.66%\">\n<p class=\"has-large-font-size\"><strong>Patricia Leung<\/strong><\/p>\n\n\n\n<p class=\"has-medium-font-size\"><strong>Candidata a las Cortes Valencianas<\/strong><\/p>\n\n\n\n<p>Nuestra comunidad est\u00e1 perdiendo muchas oportunidades respecto a otras comunidades, cientos de miles de personas viven aqu\u00ed pero est\u00e1n empadronados en otra comunidad, pues el impuesto de sucesiones es el m\u00e1s caro del pa\u00eds.<\/p>\n\n\n\n<p>La vivienda en nuestra comunidad est\u00e1 desprotegida ante el mal llamado OKUPA. Ya est\u00e1 bien que unos individuos tengan m\u00e1s derechos sobre nuestra propiedad que el mismo propietario.<\/p>\n\n\n\n<p>Los alquileres est\u00e1n disparados de precio, por causa de no haber oferta de alquileres, pero al mismo tiempo se penaliza al propietario por alquilar. Esto no tiene sentido.<\/p>\n<\/div>\n<\/div>\n<p>Impactos: 131<\/p>","protected":false},"excerpt":{"rendered":"<p>Patricia Leung Candidata a las Cortes Valencianas Nuestra comunidad est\u00e1 perdiendo muchas oportunidades respecto a otras comunidades, cientos de miles de personas viven aqu\u00ed pero est\u00e1n empadronados en otra comunidad, pues el impuesto de sucesiones es el m\u00e1s caro del pa\u00eds. La vivienda en nuestra comunidad est\u00e1 desprotegida ante el mal llamado OKUPA. Ya est\u00e1 [&hellip;]<\/p>\n","protected":false},"author":1,"featured_media":0,"parent":0,"menu_order":0,"comment_status":"closed","ping_status":"closed","template":"","meta":{"om_disable_all_campaigns":false,"_mi_skip_tracking":false,"_monsterinsights_sitenote_active":false,"_monsterinsights_sitenote_note":"","_monsterinsights_sitenote_category":0,"footnotes":""},"aioseo_notices":[],"yoast_head":"<!-- This site is optimized with the Yoast SEO plugin v20.8 - https:\/\/yoast.com\/wordpress\/plugins\/seo\/ -->\n<title>CORTES VALENCIANAS - Alianza por el Comercio y la Vivienda<\/title>\n<meta name=\"robots\" content=\"index, follow, max-snippet:-1, max-image-preview:large, max-video-preview:-1\" \/>\n<link rel=\"canonical\" href=\"https:\/\/acv.pm\/index.php\/cortes-valencianas\/\" \/>\n<meta property=\"og:locale\" content=\"es_ES\" \/>\n<meta property=\"og:type\" content=\"article\" \/>\n<meta property=\"og:title\" content=\"CORTES VALENCIANAS - Alianza por el Comercio y la Vivienda\" \/>\n<meta property=\"og:description\" content=\"Patricia Leung Candidata a las Cortes Valencianas Nuestra comunidad est\u00e1 perdiendo muchas oportunidades respecto a otras comunidades, cientos de miles de personas viven aqu\u00ed pero est\u00e1n empadronados en otra comunidad, pues el impuesto de sucesiones es el m\u00e1s caro del pa\u00eds. La vivienda en nuestra comunidad est\u00e1 desprotegida ante el mal llamado OKUPA. Ya est\u00e1 [&hellip;]\" \/>\n<meta property=\"og:url\" content=\"https:\/\/acv.pm\/index.php\/cortes-valencianas\/\" \/>\n<meta property=\"og:site_name\" content=\"Alianza por el Comercio y la Vivienda\" \/>\n<meta property=\"article:publisher\" content=\"https:\/\/www.facebook.com\/WWW.ACV.PM\" \/>\n<meta property=\"article:modified_time\" content=\"2023-03-26T18:56:03+00:00\" \/>\n<meta property=\"og:image\" content=\"http:\/\/acv.pm\/wp-content\/uploads\/2023\/03\/patricia.png\" \/>\n<meta name=\"twitter:card\" content=\"summary_large_image\" \/>\n<meta name=\"twitter:label1\" content=\"Tiempo de lectura\" \/>\n\t<meta name=\"twitter:data1\" content=\"1 minuto\" \/>\n<script type=\"application\/ld+json\" class=\"yoast-schema-graph\">{\"@context\":\"https:\/\/schema.org\",\"@graph\":[{\"@type\":\"WebPage\",\"@id\":\"https:\/\/acv.pm\/index.php\/cortes-valencianas\/\",\"url\":\"https:\/\/acv.pm\/index.php\/cortes-valencianas\/\",\"name\":\"CORTES VALENCIANAS - Alianza por el Comercio y la Vivienda\",\"isPartOf\":{\"@id\":\"https:\/\/acv.pm\/#website\"},\"datePublished\":\"2023-03-25T17:37:00+00:00\",\"dateModified\":\"2023-03-26T18:56:03+00:00\",\"breadcrumb\":{\"@id\":\"https:\/\/acv.pm\/index.php\/cortes-valencianas\/#breadcrumb\"},\"inLanguage\":\"es\",\"potentialAction\":[{\"@type\":\"ReadAction\",\"target\":[\"https:\/\/acv.pm\/index.php\/cortes-valencianas\/\"]}]},{\"@type\":\"BreadcrumbList\",\"@id\":\"https:\/\/acv.pm\/index.php\/cortes-valencianas\/#breadcrumb\",\"itemListElement\":[{\"@type\":\"ListItem\",\"position\":1,\"name\":\"Portada\",\"item\":\"https:\/\/acv.pm\/\"},{\"@type\":\"ListItem\",\"position\":2,\"name\":\"CORTES VALENCIANAS\"}]},{\"@type\":\"WebSite\",\"@id\":\"https:\/\/acv.pm\/#website\",\"url\":\"https:\/\/acv.pm\/\",\"name\":\"Alianza por el Comercio y la Vivienda\",\"description\":\"\",\"publisher\":{\"@id\":\"https:\/\/acv.pm\/#organization\"},\"potentialAction\":[{\"@type\":\"SearchAction\",\"target\":{\"@type\":\"EntryPoint\",\"urlTemplate\":\"https:\/\/acv.pm\/?s={search_term_string}\"},\"query-input\":\"required name=search_term_string\"}],\"inLanguage\":\"es\"},{\"@type\":\"Organization\",\"@id\":\"https:\/\/acv.pm\/#organization\",\"name\":\"Alianza por el Comercio y la Vivienda\",\"url\":\"https:\/\/acv.pm\/\",\"logo\":{\"@type\":\"ImageObject\",\"inLanguage\":\"es\",\"@id\":\"https:\/\/acv.pm\/#\/schema\/logo\/image\/\",\"url\":\"http:\/\/acv.pm\/wp-content\/uploads\/2023\/05\/logogif.gif\",\"contentUrl\":\"http:\/\/acv.pm\/wp-content\/uploads\/2023\/05\/logogif.gif\",\"width\":377,\"height\":352,\"caption\":\"Alianza por el Comercio y la Vivienda\"},\"image\":{\"@id\":\"https:\/\/acv.pm\/#\/schema\/logo\/image\/\"},\"sameAs\":[\"https:\/\/www.facebook.com\/WWW.ACV.PM\",\"https:\/\/www.youtube.com\/@AlianzaPorElComercioyVivienda\"]}]}<\/script>\n<!-- \/ Yoast SEO plugin. -->","yoast_head_json":{"title":"CORTES VALENCIANAS - Alianza por el Comercio y la Vivienda","robots":{"index":"index","follow":"follow","max-snippet":"max-snippet:-1","max-image-preview":"max-image-preview:large","max-video-preview":"max-video-preview:-1"},"canonical":"https:\/\/acv.pm\/index.php\/cortes-valencianas\/","og_locale":"es_ES","og_type":"article","og_title":"CORTES VALENCIANAS - Alianza por el Comercio y la Vivienda","og_description":"Patricia Leung Candidata a las Cortes Valencianas Nuestra comunidad est\u00e1 perdiendo muchas oportunidades respecto a otras comunidades, cientos de miles de personas viven aqu\u00ed pero est\u00e1n empadronados en otra comunidad, pues el impuesto de sucesiones es el m\u00e1s caro del pa\u00eds. La vivienda en nuestra comunidad est\u00e1 desprotegida ante el mal llamado OKUPA. Ya est\u00e1 [&hellip;]","og_url":"https:\/\/acv.pm\/index.php\/cortes-valencianas\/","og_site_name":"Alianza por el Comercio y la Vivienda","article_publisher":"https:\/\/www.facebook.com\/WWW.ACV.PM","article_modified_time":"2023-03-26T18:56:03+00:00","og_image":[{"url":"http:\/\/acv.pm\/wp-content\/uploads\/2023\/03\/patricia.png"}],"twitter_card":"summary_large_image","twitter_misc":{"Tiempo de lectura":"1 minuto"},"schema":{"@context":"https:\/\/schema.org","@graph":[{"@type":"WebPage","@id":"https:\/\/acv.pm\/index.php\/cortes-valencianas\/","url":"https:\/\/acv.pm\/index.php\/cortes-valencianas\/","name":"CORTES VALENCIANAS - Alianza por el Comercio y la Vivienda","isPartOf":{"@id":"https:\/\/acv.pm\/#website"},"datePublished":"2023-03-25T17:37:00+00:00","dateModified":"2023-03-26T18:56:03+00:00","breadcrumb":{"@id":"https:\/\/acv.pm\/index.php\/cortes-valencianas\/#breadcrumb"},"inLanguage":"es","potentialAction":[{"@type":"ReadAction","target":["https:\/\/acv.pm\/index.php\/cortes-valencianas\/"]}]},{"@type":"BreadcrumbList","@id":"https:\/\/acv.pm\/index.php\/cortes-valencianas\/#breadcrumb","itemListElement":[{"@type":"ListItem","position":1,"name":"Portada","item":"https:\/\/acv.pm\/"},{"@type":"ListItem","position":2,"name":"CORTES VALENCIANAS"}]},{"@type":"WebSite","@id":"https:\/\/acv.pm\/#website","url":"https:\/\/acv.pm\/","name":"Alianza por el Comercio y la Vivienda","description":"","publisher":{"@id":"https:\/\/acv.pm\/#organization"},"potentialAction":[{"@type":"SearchAction","target":{"@type":"EntryPoint","urlTemplate":"https:\/\/acv.pm\/?s={search_term_string}"},"query-input":"required name=search_term_string"}],"inLanguage":"es"},{"@type":"Organization","@id":"https:\/\/acv.pm\/#organization","name":"Alianza por el Comercio y la Vivienda","url":"https:\/\/acv.pm\/","logo":{"@type":"ImageObject","inLanguage":"es","@id":"https:\/\/acv.pm\/#\/schema\/logo\/image\/","url":"http:\/\/acv.pm\/wp-content\/uploads\/2023\/05\/logogif.gif","contentUrl":"http:\/\/acv.pm\/wp-content\/uploads\/2023\/05\/logogif.gif","width":377,"height":352,"caption":"Alianza por el Comercio y la Vivienda"},"image":{"@id":"https:\/\/acv.pm\/#\/schema\/logo\/image\/"},"sameAs":["https:\/\/www.facebook.com\/WWW.ACV.PM","https:\/\/www.youtube.com\/@AlianzaPorElComercioyVivienda"]}]}},"_links":{"self":[{"href":"https:\/\/acv.pm\/index.php\/wp-json\/wp\/v2\/pages\/261"}],"collection":[{"href":"https:\/\/acv.pm\/index.php\/wp-json\/wp\/v2\/pages"}],"about":[{"href":"https:\/\/acv.pm\/index.php\/wp-json\/wp\/v2\/types\/page"}],"author":[{"embeddable":true,"href":"https:\/\/acv.pm\/index.php\/wp-json\/wp\/v2\/users\/1"}],"replies":[{"embeddable":true,"href":"https:\/\/acv.pm\/index.php\/wp-json\/wp\/v2\/comments?post=261"}],"version-history":[{"count":6,"href":"https:\/\/acv.pm\/index.php\/wp-json\/wp\/v2\/pages\/261\/revisions"}],"predecessor-version":[{"id":384,"href":"https:\/\/acv.pm\/index.php\/wp-json\/wp\/v2\/pages\/261\/revisions\/384"}],"wp:attachment":[{"href":"https:\/\/acv.pm\/index.php\/wp-json\/wp\/v2\/media?parent=261"}],"curies":[{"name":"wp","href":"https:\/\/api.w.org\/{rel}","templated":true}]}}

<div class="wp-block-columns is-layout-flex wp-container-core-columns-layout-1 wp-block-columns-is-layout-flex">
<div class="wp-block-column is-layout-flow wp-block-column-is-layout-flow" style="flex-basis:33.33%">
<figure class="wp-block-image size-full"><img loading="lazy" decoding="async" width="890" height="876" src="http://acv.pm/wp-content/uploads/2023/03/patricia.png" alt="" class="wp-image-216" srcset="https://acv.pm/wp-content/uploads/2023/03/patricia.png 890w, https://acv.pm/wp-content/uploads/2023/03/patricia-300x295.png 300w, https://acv.pm/wp-content/uploads/2023/03/patricia-768x756.png 768w" sizes="(max-width: 890px) 100vw, 890px" /></figure>
</div>



<div class="wp-block-column is-layout-flow wp-block-column-is-layout-flow" style="flex-basis:66.66%">
<p class="has-large-font-size"><strong>Patricia Leung</strong></p>



<p class="has-medium-font-size"><strong>Candidata a las Cortes Valencianas</strong></p>



<p>Nuestra comunidad está perdiendo muchas oportunidades respecto a otras comunidades, cientos de miles de personas viven aquí pero están empadronados en otra comunidad, pues el impuesto de sucesiones es el más caro del país.</p>



<p>La vivienda en nuestra comunidad está desprotegida ante el mal llamado OKUPA. Ya está bien que unos individuos tengan más derechos sobre nuestra propiedad que el mismo propietario.</p>



<p>Los alquileres están disparados de precio, por causa de no haber oferta de alquileres, pero al mismo tiempo se penaliza al propietario por alquilar. Esto no tiene sentido.</p>
</div>
</div>
<p>Impactos: 131</p>

<p>Patricia Leung Candidata a las Cortes Valencianas Nuestra comunidad está perdiendo muchas oportunidades respecto a otras comunidades, cientos de miles de personas viven aquí pero están empadronados en otra comunidad, pues el impuesto de sucesiones es el más caro del país. La vivienda en nuestra comunidad está desprotegida ante el mal llamado OKUPA. Ya está [&hellip;]</p>

<!-- This site is optimized with the Yoast SEO plugin v20.8 - https://yoast.com/wordpress/plugins/seo/ -->
<title>CORTES VALENCIANAS - Alianza por el Comercio y la Vivienda</title>
<meta name="robots" content="index, follow, max-snippet:-1, max-image-preview:large, max-video-preview:-1" />
<link rel="canonical" href="https://acv.pm/index.php/cortes-valencianas/" />
<meta property="og:locale" content="es_ES" />
<meta property="og:type" content="article" />
<meta property="og:title" content="CORTES VALENCIANAS - Alianza por el Comercio y la Vivienda" />
<meta property="og:description" content="Patricia Leung Candidata a las Cortes Valencianas Nuestra comunidad está perdiendo muchas oportunidades respecto a otras comunidades, cientos de miles de personas viven aquí pero están empadronados en otra comunidad, pues el impuesto de sucesiones es el más caro del país. La vivienda en nuestra comunidad está desprotegida ante el mal llamado OKUPA. Ya está [&hellip;]" />
<meta property="og:url" content="https://acv.pm/index.php/cortes-valencianas/" />
<meta property="og:site_name" content="Alianza por el Comercio y la Vivienda" />
<meta property="article:publisher" content="https://www.facebook.com/WWW.ACV.PM" />
<meta property="article:modified_time" content="2023-03-26T18:56:03+00:00" />
<meta property="og:image" content="http://acv.pm/wp-content/uploads/2023/03/patricia.png" />
<meta name="twitter:card" content="summary_large_image" />
<meta name="twitter:label1" content="Tiempo de lectura" />
	<meta name="twitter:data1" content="1 minuto" />
<script type="application/ld+json" class="yoast-schema-graph">{"@context":"https://schema.org","@graph":[{"@type":"WebPage","@id":"https://acv.pm/index.php/cortes-valencianas/","url":"https://acv.pm/index.php/cortes-valencianas/","name":"CORTES VALENCIANAS - Alianza por el Comercio y la Vivienda","isPartOf":{"@id":"https://acv.pm/#website"},"datePublished":"2023-03-25T17:37:00+00:00","dateModified":"2023-03-26T18:56:03+00:00","breadcrumb":{"@id":"https://acv.pm/index.php/cortes-valencianas/#breadcrumb"},"inLanguage":"es","potentialAction":[{"@type":"ReadAction","target":["https://acv.pm/index.php/cortes-valencianas/"]}]},{"@type":"BreadcrumbList","@id":"https://acv.pm/index.php/cortes-valencianas/#breadcrumb","itemListElement":[{"@type":"ListItem","position":1,"name":"Portada","item":"https://acv.pm/"},{"@type":"ListItem","position":2,"name":"CORTES VALENCIANAS"}]},{"@type":"WebSite","@id":"https://acv.pm/#website","url":"https://acv.pm/","name":"Alianza por el Comercio y la Vivienda","description":"","publisher":{"@id":"https://acv.pm/#organization"},"potentialAction":[{"@type":"SearchAction","target":{"@type":"EntryPoint","urlTemplate":"https://acv.pm/?s={search_term_string}"},"query-input":"required name=search_term_string"}],"inLanguage":"es"},{"@type":"Organization","@id":"https://acv.pm/#organization","name":"Alianza por el Comercio y la Vivienda","url":"https://acv.pm/","logo":{"@type":"ImageObject","inLanguage":"es","@id":"https://acv.pm/#/schema/logo/image/","url":"http://acv.pm/wp-content/uploads/2023/05/logogif.gif","contentUrl":"http://acv.pm/wp-content/uploads/2023/05/logogif.gif","width":377,"height":352,"caption":"Alianza por el Comercio y la Vivienda"},"image":{"@id":"https://acv.pm/#/schema/logo/image/"},"sameAs":["https://www.facebook.com/WWW.ACV.PM","https://www.youtube.com/@AlianzaPorElComercioyVivienda"]}]}</script>
<!-- / Yoast SEO plugin. -->

Patricia Leung Candidata a las Cortes Valencianas Nuestra comunidad está perdiendo muchas oportunidades respecto a otras comunidades, cientos de miles de personas viven aquí pero están empadronados en otra comunidad, pues el impuesto de sucesiones es el más caro del país. La vivienda en nuestra comunidad está desprotegida ante el mal llamado OKUPA. Ya está [&hellip;]
