{"version":"1.0","provider_name":"Alianza por el Comercio y la Vivienda","provider_url":"https:\/\/acv.pm","author_name":"francisco","author_url":"https:\/\/acv.pm\/index.php\/author\/francisco\/","title":"CORTES VALENCIANAS - Alianza por el Comercio y la Vivienda","type":"rich","width":600,"height":338,"html":"<blockquote class=\"wp-embedded-content\" data-secret=\"A2U4snaURR\"><a href=\"https:\/\/acv.pm\/index.php\/cortes-valencianas\/\">CORTES VALENCIANAS<\/a><\/blockquote><iframe sandbox=\"allow-scripts\" security=\"restricted\" src=\"https:\/\/acv.pm\/index.php\/cortes-valencianas\/embed\/#?secret=A2U4snaURR\" width=\"600\" height=\"338\" title=\"\u00abCORTES VALENCIANAS\u00bb \u2014 Alianza por el Comercio y la Vivienda\" data-secret=\"A2U4snaURR\" frameborder=\"0\" marginwidth=\"0\" marginheight=\"0\" scrolling=\"no\" class=\"wp-embedded-content\"><\/iframe><script type=\"text\/javascript\">\n\/* <![CDATA[ *\/\n\/*! This file is auto-generated *\/\n!function(d,l){\"use strict\";l.querySelector&&d.addEventListener&&\"undefined\"!=typeof URL&&(d.wp=d.wp||{},d.wp.receiveEmbedMessage||(d.wp.receiveEmbedMessage=function(e){var t=e.data;if((t||t.secret||t.message||t.value)&&!\/[^a-zA-Z0-9]\/.test(t.secret)){for(var s,r,n,a=l.querySelectorAll('iframe[data-secret=\"'+t.secret+'\"]'),o=l.querySelectorAll('blockquote[data-secret=\"'+t.secret+'\"]'),c=new RegExp(\"^https?:$\",\"i\"),i=0;i<o.length;i++)o[i].style.display=\"none\";for(i=0;i<a.length;i++)s=a[i],e.source===s.contentWindow&&(s.removeAttribute(\"style\"),\"height\"===t.message?(1e3<(r=parseInt(t.value,10))?r=1e3:~~r<200&&(r=200),s.height=r):\"link\"===t.message&&(r=new URL(s.getAttribute(\"src\")),n=new URL(t.value),c.test(n.protocol))&&n.host===r.host&&l.activeElement===s&&(d.top.location.href=t.value))}},d.addEventListener(\"message\",d.wp.receiveEmbedMessage,!1),l.addEventListener(\"DOMContentLoaded\",function(){for(var e,t,s=l.querySelectorAll(\"iframe.wp-embedded-content\"),r=0;r<s.length;r++)(t=(e=s[r]).getAttribute(\"data-secret\"))||(t=Math.random().toString(36).substring(2,12),e.src+=\"#?secret=\"+t,e.setAttribute(\"data-secret\",t)),e.contentWindow.postMessage({message:\"ready\",secret:t},\"*\")},!1)))}(window,document);\n\/* ]]> *\/\n<\/script>\n","description":"Patricia Leung Candidata a las Cortes Valencianas Nuestra comunidad est\u00e1 perdiendo muchas oportunidades respecto a otras comunidades, cientos de miles de personas viven aqu\u00ed pero est\u00e1n empadronados en otra comunidad, pues el impuesto de sucesiones es el m\u00e1s caro del pa\u00eds. La vivienda en nuestra comunidad est\u00e1 desprotegida ante el mal llamado OKUPA. Ya est\u00e1 [&hellip;]","thumbnail_url":"http:\/\/acv.pm\/wp-content\/uploads\/2023\/03\/patricia.png"}

Patricia Leung Candidata a las Cortes Valencianas Nuestra comunidad está perdiendo muchas oportunidades respecto a otras comunidades, cientos de miles de personas viven aquí pero están empadronados en otra comunidad, pues el impuesto de sucesiones es el más caro del país. La vivienda en nuestra comunidad está desprotegida ante el mal llamado OKUPA. Ya está [&hellip;]
